1343650037.
19, 70718423
What are the prime factors of 158130518?
2, 7, 13, 868849
List the prime factors of 4357734122.
2, 7, 43, 7238761
List the prime factors of 126470721.
3, 13, 23, 277, 509
What are the prime factors of 154308775?
5, 431, 14321
List the prime factors of 22959549.
3, 41, 43, 1447
List the prime factors of 728201250.
2, 3, 5, 7, 1321
List the prime factors of 315241940.
2, 5, 13, 127, 9547
List the prime factors of 205345966.
2, 7, 2095367
List the prime factors of 2709865075.
5, 9433, 11491
List the prime factors of 119527157.
19, 47, 137, 977
What are the prime factors of 1322364871?
1322364871
What are the prime factors of 5412153636?
2, 3, 71, 2117431
List the prime factors of 43285751.
547, 79133
What are the prime factors of 4444468?
2, 7, 158731
List the prime factors of 24991375.
5, 199931
What are the prime factors of 4304186011?
547, 7868713
List the prime factors of 63742719.
3, 21247573
List the prime factors of 88340471.
743, 118897
What are the prime factors of 52099647?
3, 409, 42461
List the prime factors of 48767069.
13, 107, 35059
List the prime factors of 782815775.
5, 7, 409, 10937
List the prime factors of 176253888.
2, 3, 61, 101, 149
What are the prime factors of 3304896571?
971, 3403601
List the prime factors of 469938776.
2, 37, 59, 71, 379
What are the prime factors of 267872325?
3, 5, 7, 510233
List the prime factors of 284463127.
13, 1637, 13367
List the prime factors of 708184659.
3, 7, 13, 89, 29147
List the prime factors of 27910645.
5, 7, 113921
What are the prime factors of 74109476?
2, 7, 53, 49939
What are the prime factors of 139903728?
2, 3, 89, 32749
What are the prime factors of 106231433?
7, 11, 1379629
What are the prime factors of 874393753?
13681, 63913
List the prime factors of 3156305285.
5, 7, 1093, 82507
What are the prime factors of 724032747?
3, 631, 127493
What are the prime factors of 342853698?
2, 3, 11, 73, 71161
List the prime factors of 62628410.
2, 5, 13, 89, 5413
List the prime factors of 200525097.
3, 101, 397, 1667
List the prime factors of 556062955.
5, 7, 109, 145757
What are the prime factors of 573358324?
2, 7, 11, 881, 2113
List the prime factors of 241943129.
59, 4100731
What are the prime factors of 2106274551?
3, 17, 61, 677041
List the prime factors of 100014417.
3, 17, 29, 22541
What are the prime factors of 66138405?
3, 5, 79, 55813
List the prime factors of 66720988.
2, 17, 409, 2399
What are the prime factors of 25524926?
2, 7, 71, 25679
List the prime factors of 109034.
2, 54517
What are the prime factors of 40260736?
2, 37, 8501
What are the prime factors of 929451297?
3, 89, 103, 33797
What are the prime factors of 8956953?
3, 331739
List the prime factors of 96585545.
5, 7, 41, 67307
List the prime factors of 430465207.
1277, 337091
List the prime factors of 108623166.
2, 3, 17, 1064933
List the prime factors of 675037858.
2, 11, 41, 748379
List the prime factors of 4448996.
2, 31, 35879
List the prime factors of 1124367035.
5, 11, 20443037
List the prime factors of 539402932.
2, 19, 211, 33637
List the prime factors of 14226511.
13, 139, 7873
List the prime factors of 2602282706.
2, 1301141353
What are the prime factors of 943580?
2, 5, 11, 4289
What are the prime factors of 63813109?
23, 2774483
What are the prime factors of 1119608033?
41, 27307513
List the prime factors of 11422015.
5, 11, 207673
What are the prime factors of 239381838?
2, 3, 23, 97, 1987
List the prime factors of 9708408.
2, 3, 134839
List the prime factors of 182094509.
29, 137, 45833
What are the prime factors of 19899365?
5, 19, 29, 31, 233
List the prime factors of 44335148.
2, 11, 13, 77509
List the prime factors of 139892808.
2, 3, 11, 23, 23039
What are the prime factors of 30956987?
30956987
List the prime factors of 41339506.
2, 13, 1589981
List the prime factors of 788726968.
2, 17, 563, 10301
What are the prime factors of 117638357?
2161, 54437
List the prime factors of 129902910.
2, 3, 5, 4330097
What are the prime factors of 18641240?
2, 5, 227, 2053
List the prime factors of 968358319.
151, 6412969
List the prime factors of 63668437.
7, 9095491
What are the prime factors of 8624144832?
2, 3, 163, 239, 1153
List the prime factors of 14114780.
2, 5, 127, 5557
What are the prime factors of 172358345?
5, 34471669
What are the prime factors of 1467529483?
7, 37, 419, 13523
List the prime factors of 277102992.
2, 3, 17, 19, 61, 293
List the prime factors of 470445353.
7, 199, 337721
What are the prime factors of 3711554?
2, 7, 11, 313
List the prime factors of 17392373.
29, 71, 8447
What are the prime factors of 47153489?
47153489
What are the prime factors of 172671468?
2, 3, 19, 757331
What are the prime factors of 35076023?
35076023
What are the prime factors of 1437262028?
2, 359315507
List the prime factors of 101572868.
2, 151, 211, 797
What are the prime factors of 66169095?
3, 5, 1201, 3673
List the prime factors of 103919754.
2, 3, 37, 468107
What are the prime factors of 578791405?
5, 131, 719, 1229
List the prime factors of 2113748505.
3, 5, 11, 4270199
List the prime factors of 67462434.
2, 3, 13, 67, 331
What are the prime factors of 1981904894?
2, 23, 43084889
What are the prime factors of 4035799?
4035799
What are the prime factors of 2729437293?
3, 11, 601, 12511
What are the prime factors of 30401151?
3, 11, 17, 47, 1153
What are the prime factors of 839416692?
2, 3, 69951391
List the prime factors of 147161935.
5, 19, 23, 47, 1433
List the prime factors of 1840896132.
2, 3, 153408011
What are the prime factors of 45742408?
2, 443, 12907
What are the prime factors of 647126777?
11, 17, 203563
List the prime factors of 15580859.
7, 29, 76753
List the prime factors of 49341253.
13, 43, 61, 1447
What are the prime factors of 286499758?
2, 29, 761, 6491
List the prime factors of 237882117.
3, 11, 2659, 2711
List the prime factors of 1326170778.
2, 3, 19, 11633077
What are the prime factors of 630606169?
630606169
List the prime factors of 444606474.
2, 3, 13, 17, 335299
List the prime factors of 518535246.
2, 3, 86422541
What are the prime factors of 1767596885?
5, 19, 18606283
List the prime factors of 59212815.
3, 5, 41, 96281
What are the prime factors of 233933087?
233933087
What are the prime factors of 1900130539?
14621, 129959
What are the prime factors of 329639564?
2, 82409891
List the prime factors of 2167856505.
3, 5, 31, 1554019
List the prime factors of 574817297.
14629, 39293
What are the prime factors of 1759478147?
7, 19, 107, 123637
What are the prime factors of 5471626527?
3, 173, 3514211
List the prime factors of 99149528.
2, 1949, 6359
What are the prime factors of 12607482?
2, 3, 2101247
What are the prime factors of 248729232?
2, 3, 5181859
List the prime factors of 16386356.
2, 7, 113, 5179
What are the prime factors of 190111129?
13, 14623933
What are the prime factors of 32069294?
2, 1213, 13219
List the prime factors of 1288258002.
2, 3, 251, 285139
List the prime factors of 8661473.
19, 23993
List the prime factors of 1289535131.
67, 19246793
List the prime factors of 57681790.
2, 5, 89, 64811
List the prime factors of 212039586.
2, 3, 11, 356969
What are the prime factors of 78027378?
2, 3, 11, 13, 211, 431
What are the prime factors of 177774718?
2, 11, 67, 120607
List the prime factors of 2946961911.
3, 61, 16103617
What are the prime factors of 62346274?
2, 2111, 14767
List the prime factors of 177297710.
2, 5, 37, 179, 2677
List the prime factors of 5601982142.
2, 29, 96585899
List the prime factors of 162304929.
3, 59, 337, 907
What are the prime factors of 64801503?
3, 13, 83, 6673
List the prime factors of 5708928.
2, 3, 14867
List the prime factors of 128715811.
7, 109, 168697
What are the prime factors of 7344144?
2, 3, 51001
What are the prime factors of 2559848358?
2, 3, 467, 913579
What are the prime factors of 2769123531?
3, 923041177
What are the prime factors of 20536475?
5, 821459
List the prime factors of 58796652.
2, 3, 43, 113947
What are the prime factors of 83461151?
43, 1940957
List the prime factors of 318103607.
1301, 244507
List the prime factors of 5309317409.
11, 251, 503, 3823
What are the prime factors of 355803794?
2, 177901897
List the prime factors of 97083706.
2, 29, 1673857
What are the pri